a(j) = j**3 - 4*j**2 - j + 1. Let w be a(4). Let m be w/(((-4)/16)/(967/6)). Suppose 3*u - u - m = 0. Is u composite?
False
Let b(f) = -229502*f + 2411. Is b(-6) a prime number?
True
Suppose -2*a + 785 = i, -a = 5*i - 2*a - 3892. Let b be (20/(-3))/(3/(-585)). Let c = b - i. Is c prime?
True
Let d be 13/(-4)*(-77 - -1). Suppose 0 = 2*s - 15*s + d. Is s a composite number?
False
Suppose -2067 = -2*k + 4801. Suppose 4666 = 5*h - 5*m - k, 0 = -h - 2*m + 1617. Is h a prime number?
True
Suppose -x + 5*x + 7*n - 5952 = 0, -2974 = -2*x - 3*n. Is x a prime number?
True
Let j be ((-8)/8)/(1/(-4)). Suppose -8*h = -j*h - 8440. Suppose 0 = -4*x - 20, 8*o = 3*o - 5*x + h. Is o composite?
True
Let c(y) = -y**3 - 17*y**2 + 42*y + 19. Let z be c(-19). Is (z/114)/((-1)/15118) composite?
False
Is 94320862/153 + -43 - (-2)/(-9) composite?
False
Let h(f) = 15*f - 34. Let z be h(4). Let u(o) = -22*o - 130 - z*o + 119. Is u(-3) composite?
True
Suppose -42 = 5*n - 12. Let d = n - -6. Suppose -4*h + 3*h + 1703 = d. Is h a prime number?
False
Let s be (-27140)/(-16) + 3/(-12). Suppose -5*q + s = -14119. Is q composite?
False
Suppose 0*m - 55*m = -1091255. Is m a prime number?
True
Let t(r) = -2*r**2 - 17*r + 6. Let j be t(-5). Suppose 2*b = 2*y - 4976, j*y - 42*y = -2*b - 2489. Is y composite?
True
Is (-1 + 8930)/(-10 + 21 + -10) composite?
False
Is (-105661518)/(-2619)*9/2 composite?
False
Suppose -3*c - 2*c + 1348 = -s, 2*s + 4*c + 2752 = 0. Let n = -810 - s. Suppose 2*p = 2*u + 3324, 4424 = 3*p + u - n. Is p prime?
False
Is 1 + 79428 - (116 - 128) a composite number?
True
Let l = 159818 + 28005. Is l composite?
False
Suppose -70*u - 193*u = -312832451. Is u composite?
True
Suppose 4*y - 494512 = -3*z, 187607 = -4*y + z + 682135. Is y prime?
True
Let b = 307034 + -160831. Is b prime?
True
Let m be -1 - (-1)/((-2)/(-4116)). Let s be 6 - (-2 - (-8 - -402)). Suppose -m + s = -5*v. Is v prime?
True
Let r be ((-38)/(-4) - 8)*-2. Let l(w) = -308*w**3 + 5*w**2 + 10*w + 22. Is l(r) a composite number?
False
Suppose 0*n - 2*b = -4*n + 14, 5*n = -5*b + 55. Is 2 + 1 + 2716/n*3 a composite number?
False
Let b(t) be the third derivative of 2249*t**4/24 + 37*t**3/6 - 178*t**2. Is b(2) prime?
False
Suppose 9 + 1 = d. Suppose -6*t + 15*t = 0. Suppose 0 = d*b - t*b - 2490. Is b a composite number?
True
Let j be 850/(-60) + (39/18 - 2). Is (7/(j/(-4547)))/((-2)/(-4)) a composite number?
False
Let n = 172 + -158. Suppose -n*t - 218865 = -29*t. Is t composite?
False
Suppose -264*y + 7983538 = 321*y - 5739977. Is y composite?
False
Suppose 0 = -4*r - 3*m + 19, 2*r + 3*r + 3*m - 23 = 0. Suppose -5*z + r = -2*k + 4*k, 4*k + 14 = z. Let t(l) = 48*l**2 + 3*l + 4. Is t(k) prime?
False
Let o be -8 + (-448)/(-40) - 2/10. Suppose 13492 = o*i - 3*f - 15260, 0 = i - 3*f - 9578. Is i prime?
True
Suppose 99*s = 84*s - 15. Let r(z) = -2*z + 0*z + 185*z**2 - 3 + 1. Is r(s) a composite number?
True
Suppose -12 = -13*o + 7*o. Suppose 3*i + 3*t + 15 = 0, -5*i + 0 = -o*t + 11. Is (-6*3/(-12))/(i/(-262)) prime?
True
Let p be -1 - (-42 + (2 - 1)). Suppose p = 16*x - 11*x. Suppose y = x*y - 2779. Is y a prime number?
True
Let i(n) = 206*n**2 - 23*n - 304. Is i(-15) a composite number?
True
Let y = 1589 + -1580. Let b(x) = x + 2. Let a be b(6). Suppose -y*r + 1141 = -a*r. Is r a composite number?
True
Suppose 3*l - 2*w = 7, -3*w = l - 4*w - 2. Suppose -p - l*p + 23 = 3*f, 0 = p + 3*f - 8. Suppose p*o - o - 1884 = 0. Is o prime?
False
Let o(f) = -f**3 + 2*f**2 - 1. Let c be o(-1). Suppose -2 = -c*l + 4*l. Let y(k) = -1096*k**3 + 2*k**2 + 7*k + 6. Is y(l) prime?
True
Let m = 18 - 18. Let v be -3 + m + (-16621)/11. Let u = -427 - v. Is u composite?
False
Suppose -5*t - 2*s = -383855, -t + 74418 = -3*s - 2353. Is t a prime number?
True
Let s = -147 + 150. Suppose -6*a = -a - 25, -4*b = s*a - 10931. Is b a composite number?
False
Suppose d + 4*t + 17 - 1 = 0, -4*d + 5*t + 20 = 0. Suppose -3545 = x - d*x. Let z = -2344 - x. Is z composite?
False
Let h be 1 + 4/1 + (-7 - 10). Is (-23761)/(-3) + (h/(-18))/1 a prime number?
False
Suppose 5*h + 179 = 17334. Is h a composite number?
True
Let l(w) be the second derivative of 41*w**4/6 + 5*w**3/6 - 8*w**2 - 101*w. Is l(-7) composite?
False
Suppose -38*y - 12*y + 15109950 = 0. Is y prime?
False
Suppose 5*x = -n, 2 = n + 2*x - 10. Is 20218/18 - (n/18)/5 composite?
False
Let q(z) = z - 4. Let h be q(8). Suppose 9*n - h*n = 6070. Is n/10 + ((-12)/(-20) - 1) composite?
True
Is 2/((-8)/((-264)/55) - (-239749)/(-143853)) prime?
True
Suppose -1235616 = 35*m + 11*m - 6059590. Is m composite?
False
Suppose -2*m - 525411 = 26*q - 29*q, 5*q - 875729 = -4*m. Is q prime?
True
Suppose -4*i + 2*m = -0*i + 6, i = -4*m + 21. Is ((-2639)/28)/(i/(-4)) composite?
True
Let p(h) = 62596*h**2 + 10*h + 11. Is p(-1) a composite number?
False
Let o = -35 + 19. Let w(r) be the first derivative of -5*r**2/2 + 7*r + 841. Is w(o) composite?
True
Suppose 4*a = -5*h + 31, -5*h + 7*a - 3*a = 1. Suppose -354 = h*q + 45. Let v = q - -335. Is v a prime number?
False
Let q be ((-72)/(-10))/((-2)/(-60)). Suppose 10*k + q + 914 = 0. Let v = k + 236. Is v a prime number?
False
Suppose 21*a - 119385 = 1441524. Is a composite?
True
Let d(m) = 224*m**3 - 6*m**2 + 76*m + 7. Is d(6) prime?
False
Let s(p) be the first derivative of 24361*p**3/3 + 9*p**2/2 + 7*p + 79. Is s(-1) a composite number?
False
Let s(u) = -2*u + 16. Let o be s(4). Suppose -224*a + 228*a = o. Suppose 0 = -a*c + 12*q - 11*q + 5684, 2*c = -4*q + 5694. Is c prime?
True
Let s(f) = 11131*f + 9. Let k be (-100)/(-125)*(-10)/4*-1. Is s(k) a composite number?
False
Let l(o) = 147*o**2 - 26*o + 7. Is l(-4) prime?
False
Let r = 50740 + -32521. Is r composite?
True
Is (7 + -4 - (-35)/(-15))/((-8)/(-1925052)) composite?
True
Let w be (3/2)/3*0. Let b be ((0 - w) + 0)/(-2). Suppose -s + 3*p + 643 = b, 4*p + 0*p + 647 = s. Is s composite?
False
Let a(d) = -69*d**3 - 45*d**2 - 342*d - 37. Is a(-9) composite?
False
Let a be (-1)/2 + (30/(-4))/(-5). Suppose -4*d - 1 = y + 3, d = 5*y - a. Let n(o) = -2*o + 514. Is n(y) prime?
False
Let x = -14661 - -26030. Is x composite?
False
Let h = -169 - -172. Suppose 4*n = -4*k + 69144, -6*n + 34597 = -4*n - h*k. Is n a composite number?
False
Is 28/(336/941964) - (-2 + 3 + 3) a composite number?
True
Let b(p) = -p + 8. Let l be b(16). Let g(w) = -w**3 + w**2. Let u(d) = d**3 + d**2 + 3*d - 9. Let h(a) = 2*g(a) + u(a). Is h(l) prime?
False
Let k = -36 - -55. Let r(t) = -t**2 + 22*t + 22. Is r(k) a prime number?
True
Suppose 0 = 3*t + 2*o - 59433, -397*t + 398*t - 19811 = -2*o. Is t a prime number?
False
Let x(j) = 181*j**2 + j + 21. Let z(t) = 11*t + 58. Let f be z(-6). Is x(f) prime?
True
Let y(o) be the second derivative of -827*o**3/6 - 2*o**2 - o - 31. Is y(-15) composite?
False
Is (-4)/((-48)/1846659)*(-17 - (-18 - 3)) composite?
True
Suppose 0 = 2*q - 2*m - 860, 2*q - 1086 = -3*m - 226. Let x = -275 + 278. Suppose -5*t + 440 = -5*j, 2*t - x*j = -3*t + q. Is t a prime number?
True
Let z = -125920 - -263961. Is z a prime number?
True
Let s = 4091 + -144. Suppose 1581 = 8*i - s. Is i a composite number?
False
Let h be (-10)/(-80) - 389038/(-16). Suppose h = 2*m + 13*m. Is m a composite number?
False
Let n(a) be the second derivative of -11*a**5/10 + a**4/12 + 5*a**3/6 + 7*a**2/2 + 2679*a. Suppose c - 3 = -5. Is n(c) composite?
True
Let d = 9702 + 10441. Is d composite?
False
Suppose 0 = -3*p - f + 5840069, -2531993 = -2*p + 3*f + 1361379. Is p prime?
True
Suppose -3*w + 12 = w - 4*c, 5*w - c = 15. Suppose -11046 = -w*f + 5*o, -7*f + 5*f = 4*o - 7386. Is f composite?
True
Suppose 5*t + 2*x = 31 + 419, 4*t - 388 = 4*x. Let g = 95 - t. Is 15/g - (-1079 - 3) a composite number?
False
Suppose -15 = 4*v - 7, -1222 = -4*g + 5*v. Suppose 293*q + 195790 = g*q. Is q prime?
False
Let r be 66/(-3 + 1) - -3. Let k = r + 90. Suppose 4*i - k = -16. Is i a composite number?
False
Suppose -5*d - 14949 = 4*f - 97634, -f = -3*d + 49611. Is d a composite number?
True
Suppose 2*q - 2*z = -q + 8, 0 = 2*q + 3*z - 1. Suppose -2022 = -4*c - q*c. Is c composite?
False
Suppose 8 = -3*u + 5. Let s be ((-224)/(-14))/(u/493). Let o = s - -12381. Is o a prime number?
True
Let o = -6396 + 22207. Suppose 0 = -2*t + b + 6327, -t - 4*t - 4*b = -o. I